*h**3 + 641*h**2 - 483*h - 159. Determine r(1).
-57
Let a(s) = s**2 + 1032*s - 846773. Give a(539).
-4
Let k(j) = j**2 - 5262*j - 26347. What is k(-5)?
-12
Let h(q) = -125*q + 21968. Calculate h(176).
-32
Let f(x) = -15*x**3 + 257*x**2 - 12*x - 69. What is f(17)?
305
Let r(a) = -2*a**3 + 35*a**2 + 88*a - 557. Give r(19).
32
Let w(d) = 110428*d + 6846534. Determine w(-62).
-2
Let g(w) = -w**2 + 55*w + 1322880. Give g(-1123).
-14
Let j(x) = -5*x**2 + 11994*x + 193165. What is j(-16)?
-19
Let u(v) = 5722*v - 177334. Give u(31).
48
Let r(w) = 10780*w + 86217. Give r(-8).
-23
Let k(r) = 709*r + 178080. What is k(-251)?
121
Let l(r) = -r**2 - 361*r - 12552. Calculate l(-37).
-564
Let t(q) = 11*q**3 - 4*q**2 + 323*q + 643. Determine t(-2).
-107
Let g(o) = 3009*o + 3412. Calculate g(-2).
-2606
Let i(k) = -4*k**2 - 3465*k - 696476. Calculate i(-317).
-27
Let y(t) = 4*t**2 + 393*t - 58119. What is y(81)?
-42
Let g(k) = k**3 + 68*k**2 - 2*k - 163. What is g(0)?
-163
Let v(l) = l**2 - 467*l + 7219. Determine v(451).
3
Let k(q) = 4660*q + 279588. Give k(-60).
-12
Let z(f) = -2*f**2 + 727*f + 6759. Calculate z(-9).
54
Let t(n) = -n**2 + 282*n - 13130. What is t(223)?
27
Let v(j) = -6864*j - 20512. Determine v(-3).
80
Let n(g) = -6511*g + 85397. What is n(13)?
754
Let r(h) = h**3 + 224*h**2 + 212*h - 2361. Give r(-223).
92
Let p(q) = -7*q**2 - 249*q + 455. What is p(-38)?
-191
Let a(r) = r**2 + 103859*r + 726971. Determine a(-7).
7
Let z(h) = -48*h**2 + 394*h - 12. What is z(8)?
68
Let f(a) = -a**3 - 106*a**2 - 677*a - 71722. What is f(-106)?
40
Let z(t) = -60*t**2 + 641*t + 939. What is z(12)?
-9
Let b(p) = -2*p**3 + 1934*p**2 - 43426*p + 2026. Give b(944).
138
Let u(y) = -158*y + 206. Determine u(3).
-268
Let z(c) = 8*c**2 - 39*c + 24. Calculate z(4).
-4
Let u(k) = 12*k**3 + 79*k**2 + 2*k + 11. Determine u(-6).
251
Let v(i) = 1275*i - 8017. What is v(7)?
908
Let i(b) = 505*b + 45925. What is i(-91)?
-30
Let r(m) = -9*m**2 - 1482*m + 12427. Calculate r(8).
-5
Let g(j) = -2449*j - 44092. Calculate g(-18).
-10
Let c(o) = 56*o - 2858. Give c(53).
110
Let b(j) = j**3 + 47*j**2 - 297*j - 113. What is b(6)?
13
Let d(c) = -c**3 + 157*c**2 + 147*c + 637. Give d(158).
-1101
Let a(p) = 47*p**2 + 140*p + 861. Give a(-6).
1713
Let k(g) = g**3 - 36*g**2 - 251*g + 15. Give k(41).
-1871
Let m(f) = -12*f**2 - 1074*f - 1055. Calculate m(-1).
7
Let t(n) = -3*n**3 + 113*n**2 + 198*n - 1631. Determine t(39).
7
Let f(u) = -3*u**3 - 864*u**2 - 5897*u + 1148. Calculate f(-281).
24
Let r(x) = -x**3 - 91*x**2 - 439*x - 413. What is r(-86)?
361
Let a(n) = 801*n - 30914. What is a(36)?
-2078
Let j(y) = 2900*y**3 + 13*y**2 + 76*y - 85. Determine j(1).
2904
Let l(p) = p**2 + 1363*p + 460012. What is l(-615)?
-8
Let i(r) = 2*r**3 - 93*r**2 + 84*r + 2663. What is i(45)?
368
Let f(y) = -3792*y + 37909. Determine f(10).
-11
Let s(u) = -30391*u - 5. What is s(0)?
-5
Let s(i) = -i**3 - 150*i**2 - 809*i - 12273. Calculate s(-145).
-93
Let i(w) = -w**2 - 5706*w - 1447058. Give i(-266).
-18
Let u(x) = -1749770*x - 8748846. Give u(-5).
4
Let a(z) = -7*z**3 - 145*z**2 - 90*z + 33. Determine a(-20).
-167
Let r(y) = -y**3 + 184*y**2 - 361*y - 593. Calculate r(182).
-47
Let i(j) = 10*j - 129. Calculate i(16).
31
Let g(f) = 2*f**3 + 6*f**2 - 211866*f + 423723. Determine g(2).
31
Let h(l) = -l**2 - 425*l - 33601. Give h(-105).
-1
Let t(v) = -20*v**3 - 200*v**2 - 7*v - 82. Determine t(-11).
2415
Let u(s) = -69*s - 12089. Give u(-175).
-14
Let z(q) = -7713*q + 401074. Give z(52).
-2
Let d(j) = -4*j**3 - 693*j**2 - 174*j - 537. Calculate d(-173).
-364
Let i(x) = 16*x**2 - 3324*x - 430315. Calculate i(298).
-3
Let d(j) = -j**2 + 461*j + 2841. Give d(-6).
39
Let s(h) = 1767281*h - 5301846. What is s(3)?
-3
Let q(g) = 28600*g + 371843. Give q(-13).
43
Let m(c) = -75979*c + 9041496. What is m(119)?
-5
Let w(j) = -1873*j**2 + 2050*j - 2. Give w(1).
175
Let k(t) = 4*t**3 + 218*t**2 - 298*t - 10171. Determine k(-55).
169
Let r(o) = 2*o**3 - 13*o**2 - 123*o + 889. Give r(8).
97
Let t(x) = 2200*x - 8603. What is t(4)?
197
Let v(z) = 2*z**2 + 74*z - 742. What is v(7)?
-126
Let j(i) = 3*i**3 + 96*i**2 + 120*i + 941. Determine j(-31).
104
Let a(o) = -4*o**3 + o**2 + 30*o - 43. Give a(6).
-691
Let q(l) = 142*l + 137. Calculate q(4).
705
Let l(r) = 20*r**2 - 447*r + 544. Calculate l(21).
-23
Let a(l) = -l**3 + 11*l**2 + 51*l - 602. What is a(14)?
-476
Let t(z) = -43448*z**2 - 868958*z + 43. Calculate t(-20).
3
Let u(b) = -25*b**2 + 578*b + 53. Give u(26).
-1819
Let o(a) = 8290*a + 82910. Give o(-10).
10
Let y(g) = -9*g**2 - 160*g + 1369. What is y(10)?
-1131
Let z(m) = 1308*m - 164994. What is z(126)?
-186
Let u(x) = 2*x**3 - 91*x**2 + 120*x - 3573. What is u(45)?
-198
Let u(b) = -5525*b + 497249. Calculate u(90).
-1
Let q(o) = o**3 + 34*o**2 - 76*o - 992. Calculate q(-36).
-848
Let a(u) = 14*u**3 - 7*u**2 + 43*u - 156. Determine a(4).
800
Let q(n) = 12*n**2 - 14*n - 166. Calculate q(-3).
-16
Let h(y) = y**3 - 4*y**2 - 636*y + 1906. Determine h(3).
-11
Let s(f) = -3*f**3 - 54*f**2 - 155*f + 775. Give s(-6).
409
Let x(i) = 26*i**3 + 529*i**2 + 194*i + 299. What is x(-20)?
19
Let t(c) = -3538*c + 42318. Give t(12).
-138
Let d(q) = q**3 - 1571*q**2 + 36192*q - 910217. Calculate d(1548).
7
Let t(p) = -2*p**2 + 1038*p - 120405. Determine t(344).
-5
Let m(l) = 732*l - 10272. What is m(14)?
-24
Let g(m) = -8*m**3 - 129*m**2 + 92*m + 1722. Calculate g(-16).
-6
Let s(j) = j**3 + 33*j**2 + 8*j - 92. Determine s(-9).
1780
Let k(h) = 30880*h + 154427. Determine k(-5).
27
Let d(c) = -5138*c**2 + 15660*c + 2. What is d(3)?
740
Let z(p) = 21671*p + 86460. Calculate z(-4).
-224
Let p(y) = -y**3 - 60*y**2 + 3209*y - 127. Give p(34).
315
Let c(z) = -401*z - 53499. Give c(-132).
-567
Let d(a) = -1261*a + 207931. Determine d(165).
-134
Let x(u) = 5976*u - 262949. What is x(44)?
-5
Let j(r) = r**3 + 188*r**2 + 2446*r + 1731. Give j(-174).
-9
Let h(k) = 7*k**2 - 127*k - 1. Calculate h(9).
-577
Let q(t) = t**3 + 7*t**2 - 968*t - 13157. Give q(-14).
-977
Let w(l) = l**3 + 228*l**2 - 22352*l - 1126. Determine w(-302).
82
Let b(f) = 338*f + 36001. Determine b(-105).
511
Let d(w) = 148*w**2 - 439*w - 2575. Determine d(-6).
5387
Let y(g) = -208932*g - 1880405. Determine y(-9).
-17
Let f(u) = 14*u**2 - 69990*u + 209975. Give f(3).
131
Let t(o) = 5*o**2 + 104*o - 63998. Give t(-124).
-14
Let x(r) = -14851*r - 89147. Determine x(-6).
-41
Let i(q) = -q**3 - 30*q**2 + 53*q + 23. Calculate i(2).
1
Let k(i) = -i**2 + 59529*i - 238102. Give k(4).
-2
Let a(t) = -197175*t + 1183047. Give a(6).
-3
Let u(o) = o**3 - 7*o**2 - 446*o + 62. Give u(-18).
-10
Let u(j) = 10*j**2 - 52*j - 26552. Calculate u(-49).
6
Let d(s) = -4*s**2 - 285*s - 2839. Calculate d(-12).
5
Let a(j) = -33818*j + 372021. Give a(11).
23
Let z(j) = 43*j**3 - 1891*j**2 - 50*j + 293. What is z(44)?
29
Let k(l) = 349*l - 25907. What is k(78)?
1315
Let v(d) = 58*d**2 - 1098*d + 157. Calculate v(18).
-815
Let v(f) = f**2 - 2808*f + 613901. Determine v(239).
-90
Let r(n) = 12812*n - 89686. What is r(7)?
-2
Let r(q) = 233*q + 2376. What is r(-10)?
46
Let b(n) = 124020*n - 372059. What is b(3)?
1
Let i(h) = -11*h**2 - 249*h + 1954. What is i(8)?
-742
Let p(m) = -1624*m**2 + 8142*m - 35. Determine p(5).
75
Let s(k) = -k**3 - 48*k**2 - 580*k - 5. Give s(-27).
346
Let y(d) = -9714*d - 46502. Calculate y(-5).
2068
Let a(m) = m**3 - 8*m**2 - 356*m + 2573. Determine a(7).
32
Let p(m) = -3048*m - 21314. Give p(-7).
22
Let h(l) = 151*l - 11129. Calculate h(74).
45
Let w(z) = -2*z**2 - 2165*z - 2170. Determine w(-1).
-7
Let h(l) = 6*l**2 + 474*l + 550. What is h(-70)?
-3230
Let v(t) = -4123*t - 2482088. Calculate v(-602).
-42
Let n(d) = -5*d**3 - 46*d**2 + 10*d - 136. Calculate n(-13).
2945
Let i(l) = l**2 - 1174*l + 20819. Calculate i(18).
11
Let g(a) = -70*a - 2081. Determine g(-28).
-121
Let m(f) = 7574*f + 545250. Give m(-72).
-78
Let d(l) = 2*l**2 + 227*l + 3792. What is d(-20)?
52
Let t(k) = 6*k**2 + 108*k - 3813. Determine t(-35).
-243
Let a(h) = h**3 + 191*h**2 - 354*h + 6604. What is a(-193)?
428
Let m(n) = -53*n**2 - 1620*n + 56. Give m(-31).
-657
Let z(y) = -y**3 - y**2 - 136*y + 266. What is z(2)?
-18
Let f(y) = 4*y**3 + 165*y**2 - 13*y + 40. Give f(-41).
2254
Let z(t) = t**3 - 98*t**2 - 2